{"id":203,"date":"2023-08-02T22:07:16","date_gmt":"2023-08-02T22:07:16","guid":{"rendered":"https:\/\/enmioficina.cl\/?page_id=203"},"modified":"2023-10-19T02:34:22","modified_gmt":"2023-10-19T02:34:22","slug":"informacion","status":"publish","type":"page","link":"https:\/\/enmioficina.cl\/?page_id=203","title":{"rendered":"Informaci\u00f3n"},"content":{"rendered":"<p>[et_pb_section fb_built=\u00bb1&#8243; admin_label=\u00bbVideo\u00bb _builder_version=\u00bb4.21.0&#8243; _module_preset=\u00bbdefault\u00bb custom_padding=\u00bb1px||1px|||\u00bb collapsed=\u00bbon\u00bb global_colors_info=\u00bb{}\u00bb][et_pb_row _builder_version=\u00bb4.21.0&#8243; _module_preset=\u00bbdefault\u00bb max_width=\u00bb822px\u00bb module_alignment=\u00bbcenter\u00bb saved_tabs=\u00bball\u00bb global_colors_info=\u00bb{}\u00bb][et_pb_column type=\u00bb4_4&#8243; _builder_version=\u00bb4.21.0&#8243; _module_preset=\u00bbdefault\u00bb global_colors_info=\u00bb{}\u00bb][et_pb_text _builder_version=\u00bb4.21.2&#8243; _module_preset=\u00bb99b5c6c5-1642-4639-8954-7146cab30fd8&#8243; header_4_text_color=\u00bbgcid-52e8b489-b10c-41af-b3c4-a69642f2df1f\u00bb text_orientation=\u00bbcenter\u00bb global_colors_info=\u00bb{%22gcid-52e8b489-b10c-41af-b3c4-a69642f2df1f%22:%91%22header_4_text_color%22%93}\u00bb]<\/p>\n<h4>El lugar que necesitas<\/h4>\n<p>[\/et_pb_text][et_pb_text _builder_version=\u00bb4.21.2&#8243; _module_preset=\u00bbdefault\u00bb text_font=\u00bbMontserrat|700|||||||\u00bb text_text_color=\u00bb#000000&#8243; text_font_size=\u00bb40px\u00bb custom_margin=\u00bb||-2px|||\u00bb hover_enabled=\u00bb0&#8243; global_colors_info=\u00bb{}\u00bb text_font_size_last_edited=\u00bbon|phone\u00bb sticky_enabled=\u00bb0&#8243; text_line_height=\u00bb1em\u00bb text_font_size_phone=\u00bb32px\u00bb text_orientation_last_edited=\u00bbon|phone\u00bb text_orientation_phone=\u00bbcenter\u00bb text_font_size_tablet=\u00bb40px\u00bb]<\/p>\n<p><b>CONDICIONES GENERALES<\/b><\/p>\n<p>[\/et_pb_text][et_pb_video image_src=\u00bbhttps:\/\/enmioficina.cl\/wp-content\/uploads\/2023\/08\/home-decor-10.jpg\u00bb play_icon_color=\u00bb#FFFFFF\u00bb font_icon=\u00bb&#xf144;||fa||900&#8243; use_icon_font_size=\u00bbon\u00bb icon_font_size=\u00bb56px\u00bb thumbnail_overlay_color=\u00bb#FFFFFF\u00bb _builder_version=\u00bb4.21.2&#8243; _module_preset=\u00bbdefault\u00bb max_width=\u00bb200px\u00bb module_alignment=\u00bbcenter\u00bb border_radii=\u00bbon|10px|10px|10px|10px\u00bb global_colors_info=\u00bb{}\u00bb][\/et_pb_video][et_pb_video image_src=\u00bbhttps:\/\/enmioficina.cl\/wp-content\/uploads\/2023\/08\/home-decor-10.jpg\u00bb play_icon_color=\u00bb#FFFFFF\u00bb font_icon=\u00bb&#xf144;||fa||900&#8243; use_icon_font_size=\u00bbon\u00bb icon_font_size=\u00bb56px\u00bb thumbnail_overlay_color=\u00bb#FFFFFF\u00bb _builder_version=\u00bb4.21.2&#8243; _module_preset=\u00bbdefault\u00bb max_width=\u00bb200px\u00bb module_alignment=\u00bbcenter\u00bb border_radii=\u00bbon|10px|10px|10px|10px\u00bb global_colors_info=\u00bb{}\u00bb][\/et_pb_video][et_pb_video image_src=\u00bbhttps:\/\/enmioficina.cl\/wp-content\/uploads\/2023\/08\/home-decor-10.jpg\u00bb play_icon_color=\u00bb#FFFFFF\u00bb font_icon=\u00bb&#xf144;||fa||900&#8243; use_icon_font_size=\u00bbon\u00bb icon_font_size=\u00bb56px\u00bb thumbnail_overlay_color=\u00bb#FFFFFF\u00bb _builder_version=\u00bb4.21.2&#8243; _module_preset=\u00bbdefault\u00bb max_width=\u00bb200px\u00bb module_alignment=\u00bbcenter\u00bb border_radii=\u00bbon|10px|10px|10px|10px\u00bb global_colors_info=\u00bb{}\u00bb][\/et_pb_video][\/et_pb_column][\/et_pb_row][\/et_pb_section][et_pb_section fb_built=\u00bb1&#8243; admin_label=\u00bbFeature\u00bb _builder_version=\u00bb4.21.0&#8243; _module_preset=\u00bbdefault\u00bb custom_padding=\u00bb1px|||||\u00bb collapsed=\u00bbon\u00bb global_colors_info=\u00bb{}\u00bb][et_pb_row column_structure=\u00bb2_5,3_5&#8243; _builder_version=\u00bb4.21.0&#8243; _module_preset=\u00bbdefault\u00bb max_width=\u00bb1280px\u00bb custom_padding=\u00bb2px|||||\u00bb locked=\u00bboff\u00bb global_colors_info=\u00bb{}\u00bb][et_pb_column type=\u00bb2_5&#8243; _builder_version=\u00bb4.21.0&#8243; _module_preset=\u00bbdefault\u00bb z_index=\u00bb10&#8243; global_colors_info=\u00bb{}\u00bb][et_pb_text _builder_version=\u00bb4.21.2&#8243; _module_preset=\u00bbdefault\u00bb text_font=\u00bbMontserrat||||||||\u00bb text_text_color=\u00bb#000000&#8243; text_font_size=\u00bb19px\u00bb global_colors_info=\u00bb{}\u00bb][\/et_pb_text][et_pb_text _builder_version=\u00bb4.21.2&#8243; _module_preset=\u00bb248f27d9-b6ba-4bbe-b883-22968b0b700a\u00bb text_font=\u00bbMontserrat||||||||\u00bb text_text_color=\u00bb#000000&#8243; text_font_size=\u00bb15px\u00bb global_colors_info=\u00bb{}\u00bb]<\/p>\n<p><b>\u00bfC\u00d3MO PUEDO RESERVAR MI BOX? <\/b><span style=\"font-weight: 400;\">Sigue los siguientes pasos para reservar tu box:<\/span><\/p>\n<p><b><\/b><\/p>\n<p><b>Creaci\u00f3n de Cuenta:<\/b> <span style=\"font-weight: 400;\">Debes crear una cuenta para poder reservar un box, esto lo puedes hacer en la p\u00e1gina \u201cmi cuenta\u201d o en la p\u00e1gina del \u201ccheckout\u201d antes de finalizar tu primera reserva.\u00a0<\/span><\/p>\n<p><b>Reservas:<\/b> <span style=\"font-weight: 400;\">Reserva a trav\u00e9s de nuestra p\u00e1gina web utilizando de los calendarios disponibles y agregando al carrito el tiempo que necesites.\u00a0<\/span><\/p>\n<p><b>Pagos:<\/b> <span style=\"font-weight: 400;\">Los pagos se hacen a trav\u00e9s de nuestra plataforma de pagos online.<\/span><span style=\"font-weight: 400;\">\u00a0<\/span><span style=\"font-weight: 400;\"><\/span><\/p>\n<p><b>Cancelaci\u00f3n De Reservas: <\/b><span style=\"font-weight: 400;\">Puedes cancelar tus reservas en la p\u00e1gina \u201cmi cuenta\u201d secci\u00f3n \u201creservas\u201d haciendo click en el bot\u00f3n \u201ccancelar\u201d que se encuentra al lado derecho la hora que quieres cancelar. Al cancelar la reserva se te enviar\u00e1 un c\u00f3digo que puedes utilizar para una nueva reserva donde se descontar\u00e1 la hora que ya pagaste.<\/span><\/p>\n<p><b>Reembolso<\/b><span style=\"font-weight: 400;\">: <\/span><span style=\"font-weight: 400;\">Debido a la modalidad de reservas online, no es posible realizar reembolsos.\u00a0<\/span><\/p>\n<p><b><\/b><\/p>\n<p>&nbsp;<\/p>\n<p>[\/et_pb_text][et_pb_image src=\u00bbhttps:\/\/enmioficina.cl\/wp-content\/uploads\/2023\/08\/home-decor-23.png\u00bb title_text=\u00bbrecepcion_casilleros\u00bb _builder_version=\u00bb4.21.2&#8243; _module_preset=\u00bbdefault\u00bb background_image=\u00bbhttps:\/\/enmioficina.cl\/wp-content\/uploads\/2023\/09\/recepcion_casilleros.jpg\u00bb parallax=\u00bbon\u00bb custom_margin=\u00bb||0px||false|false\u00bb global_colors_info=\u00bb{}\u00bb][\/et_pb_image][\/et_pb_column][et_pb_column type=\u00bb3_5&#8243; _builder_version=\u00bb4.21.0&#8243; _module_preset=\u00bbdefault\u00bb background_enable_image=\u00bboff\u00bb global_colors_info=\u00bb{}\u00bb][et_pb_image src=\u00bbhttps:\/\/enmioficina.cl\/wp-content\/uploads\/2023\/08\/Mask-02.png\u00bb title_text=\u00bbentrada\u00bb _builder_version=\u00bb4.21.2&#8243; _module_preset=\u00bbdefault\u00bb background_image=\u00bbhttps:\/\/enmioficina.cl\/wp-content\/uploads\/2023\/10\/entrada-1.jpg\u00bb parallax=\u00bbon\u00bb custom_margin=\u00bb||34px||false|false\u00bb global_colors_info=\u00bb{}\u00bb][\/et_pb_image][et_pb_text _builder_version=\u00bb4.21.2&#8243; _module_preset=\u00bbdefault\u00bb text_font=\u00bbMontserrat|600|||||||\u00bb text_text_color=\u00bb#000000&#8243; text_font_size=\u00bb23px\u00bb global_colors_info=\u00bb{}\u00bb]<\/p>\n<p><b>MODALIDADES DE ARRIENDO<\/b><\/p>\n<p>[\/et_pb_text][et_pb_text _builder_version=\u00bb4.21.2&#8243; _module_preset=\u00bbdefault\u00bb text_font=\u00bbMontserrat||||||||\u00bb text_text_color=\u00bb#000000&#8243; global_colors_info=\u00bb{}\u00bb]<\/p>\n<p>La reserva de arriendo mensual (jornada am, pm o d\u00eda completo) se realiza por correo<\/p>\n<p>[\/et_pb_text][et_pb_text _builder_version=\u00bb4.21.2&#8243; _module_preset=\u00bbdefault\u00bb text_font=\u00bbMontserrat|600|||||||\u00bb text_text_color=\u00bb#000000&#8243; text_font_size=\u00bb18px\u00bb global_colors_info=\u00bb{}\u00bb]<\/p>\n<p>Puedes arrendar en estas 3 modalidades:<\/p>\n<p>[\/et_pb_text][et_pb_text _builder_version=\u00bb4.21.2&#8243; _module_preset=\u00bbdefault\u00bb text_font=\u00bbMontserrat|600|||||||\u00bb text_text_color=\u00bb#000000&#8243; custom_margin=\u00bb20px||20px||false|false\u00bb custom_padding=\u00bb0px|20px|20px|20px|false|false\u00bb border_radii=\u00bbon|10px|10px|10px|10px\u00bb border_width_all=\u00bb3px\u00bb border_color_all=\u00bb#1FD7E0&#8243; box_shadow_style=\u00bbpreset3&#8243; global_colors_info=\u00bb{}\u00bb]<\/p>\n<p><b><\/b><\/p>\n<p><b><\/b><\/p>\n<p><b>\u00b7 Oficina Virtual<\/b><\/p>\n<p><b>\u00b7 Por Jornada: <\/b>ma\u00f1ana (7:30am a 14:30pm) \/ tarde (15:00 22:00)<\/p>\n<p><strong>\u00b7 Arriendo Mensual: <\/strong>(m\u00ednimo 3 meses) Por jornada o d\u00eda completo<\/p>\n<p>[\/et_pb_text][et_pb_text _builder_version=\u00bb4.21.2&#8243; _module_preset=\u00bbdefault\u00bb text_font=\u00bbMontserrat||||||||\u00bb text_text_color=\u00bb#000000&#8243; global_colors_info=\u00bb{}\u00bb]<\/p>\n<p><b><\/b><b>*Fecha De Pago<\/b><b>:<\/b> <span style=\"font-weight: 400;\">Si arriendas por jornada debes pagar tu reserva a m\u00e1s tardar el \u00faltimo d\u00eda del mes anterior.<\/span><b>\u00a0<\/b><\/p>\n<p><b>Cancelaci\u00f3n de reserva\u00a0<\/b><\/p>\n<p><span style=\"font-weight: 400;\">Las jornadas se reservan de manera indefinida por lo que debes avisarnos con anticipaci\u00f3n cuando quieras dejar una jornada reservada. El plazo m\u00e1ximo para avisar que dejar\u00e1s una jornada es el d\u00eda 5 del mes anterior (Por ejemplo, si vas a dejar de arrendar en febrero, debes avisarnos a m\u00e1s tardar el 5 de enero)<\/span><span style=\"font-weight: 400;\">\u00a0<\/span><\/p>\n<p><span style=\"font-weight: 400;\">La forma de dar aviso es por correo electr\u00f3nico junto con un mensaje de whatsapp al n\u00famero de contacto.<\/span><span style=\"font-weight: 400;\">\u00a0<\/span><span style=\"font-weight: 400;\"><br \/><\/span><\/p>\n<p>[\/et_pb_text][\/et_pb_column][\/et_pb_row][et_pb_row _builder_version=\u00bb4.21.2&#8243; _module_preset=\u00bbdefault\u00bb global_colors_info=\u00bb{}\u00bb][et_pb_column type=\u00bb4_4&#8243; _builder_version=\u00bb4.21.2&#8243; _module_preset=\u00bbdefault\u00bb global_colors_info=\u00bb{}\u00bb][et_pb_text _builder_version=\u00bb4.21.2&#8243; _module_preset=\u00bbdefault\u00bb text_font=\u00bbMontserrat|700|||||||\u00bb text_text_color=\u00bb#000000&#8243; text_font_size=\u00bb30px\u00bb global_colors_info=\u00bb{}\u00bb]<\/p>\n<p>Reglas de Convivencia<\/p>\n<p>[\/et_pb_text][et_pb_text _builder_version=\u00bb4.21.2&#8243; _module_preset=\u00bbdefault\u00bb text_font=\u00bbMontserrat||||||||\u00bb text_text_color=\u00bb#000000&#8243; text_font_size=\u00bb16px\u00bb global_colors_info=\u00bb{}\u00bb]<\/p>\n<ul>\n<li aria-level=\"3\"><b>Acceso a la oficina<\/b><\/li>\n<\/ul>\n<p><span style=\"font-weight: 400;\">La oficina cuenta con una cerradura inteligente (con contrase\u00f1a) en su puerta de acceso principal. Cuando realizas un pedido recibir\u00e1s un correo de confirmaci\u00f3n en el cual se encuentra la clave para que puedas acceder a la oficina.\u00a0<\/span><\/p>\n<ul>\n<li aria-level=\"3\"><b>Puntualidad<\/b><\/li>\n<\/ul>\n<p><span style=\"font-weight: 400;\">Debes prestar especial atenci\u00f3n de desocupar el box a la hora, ya que al extenderte en el tiempo podr\u00edas estar perjudicando al siguiente arrendatario. Si ya comenz\u00f3 tu hora y el arrendatario anterior a\u00fan no ha desocupado el box, si\u00e9ntete con el derecho de tocar la puerta para avisarle que est\u00e1s esperando, eso s\u00ed, te pedimos que lo hagas con respeto, ya que el trabajo con personas es dif\u00edcil de predecir y nunca sabemos que situaci\u00f3n puede estar enfrentando la otra persona. Tambi\u00e9n te pedimos que te antes de interrumpir una sesi\u00f3n te asegures de que est\u00e1s en el box y horario que te corresponde.<\/span><\/p>\n<ul>\n<li aria-level=\"3\"><b>Espacios comunes y box<\/b><\/li>\n<\/ul>\n<p><span style=\"font-weight: 400;\">Ay\u00fadanos a mantener el orden, limpieza y tranquilidad en las salas de espera, ba\u00f1o y zona de caf\u00e9. Procura mantener silencio para no interrumpir el trabajo de los dem\u00e1s, transmite a tus pacientes la importancia de guardar silencio mientras esperan.<\/span><\/p>\n<ul>\n<li aria-level=\"3\"><b>Limpieza<\/b><\/li>\n<\/ul>\n<p><span style=\"font-weight: 400;\">Si bien contamos con aseo profesional de manera regular, es importante dejar la oficina, espacios comunes, loza utilizada lavada, para entregarla en las mejores condiciones y as\u00ed mantener la limpieza y el orden.<\/span><\/p>\n<ul>\n<li aria-level=\"3\"><b>Cuidado Del Lugar<\/b><\/li>\n<\/ul>\n<p><span style=\"font-weight: 400;\">Al finalizar tu trabajo, puede ser que te corresponda a ti apagar las luces del lugar, apagar equipos el\u00e9ctricos que se hayan utilizado en los espacios comunes o en tu box (como calefactores, equipo de m\u00fasica, aire acondicionado). Dejar todo apagado y la oficina cerrada es responsabilidad de los arrendatarios.<\/span><\/p>\n<p>[\/et_pb_text][\/et_pb_column][\/et_pb_row][\/et_pb_section]<\/p>\n","protected":false},"excerpt":{"rendered":"<p>El lugar que necesitasCONDICIONES GENERALES\u00bfC\u00d3MO PUEDO RESERVAR MI BOX? Sigue los siguientes pasos para reservar tu box: Creaci\u00f3n de Cuenta: Debes crear una cuenta para poder reservar un box, esto lo puedes hacer en la p\u00e1gina \u201cmi cuenta\u201d o en la p\u00e1gina del \u201ccheckout\u201d antes de finalizar tu primera reserva.\u00a0 Reservas: Reserva a trav\u00e9s de [&hellip;]<\/p>\n","protected":false},"author":1,"featured_media":0,"parent":0,"menu_order":0,"comment_status":"closed","ping_status":"closed","template":"","meta":{"_et_pb_use_builder":"on","_et_pb_old_content":"","_et_gb_content_width":"","footnotes":""},"class_list":["post-203","page","type-page","status-publish","hentry"],"_links":{"self":[{"href":"https:\/\/enmioficina.cl\/index.php?rest_route=\/wp\/v2\/pages\/203","targetHints":{"allow":["GET"]}}],"collection":[{"href":"https:\/\/enmioficina.cl\/index.php?rest_route=\/wp\/v2\/pages"}],"about":[{"href":"https:\/\/enmioficina.cl\/index.php?rest_route=\/wp\/v2\/types\/page"}],"author":[{"embeddable":true,"href":"https:\/\/enmioficina.cl\/index.php?rest_route=\/wp\/v2\/users\/1"}],"replies":[{"embeddable":true,"href":"https:\/\/enmioficina.cl\/index.php?rest_route=%2Fwp%2Fv2%2Fcomments&post=203"}],"version-history":[{"count":18,"href":"https:\/\/enmioficina.cl\/index.php?rest_route=\/wp\/v2\/pages\/203\/revisions"}],"predecessor-version":[{"id":507,"href":"https:\/\/enmioficina.cl\/index.php?rest_route=\/wp\/v2\/pages\/203\/revisions\/507"}],"wp:attachment":[{"href":"https:\/\/enmioficina.cl\/index.php?rest_route=%2Fwp%2Fv2%2Fmedia&parent=203"}],"curies":[{"name":"wp","href":"https:\/\/api.w.org\/{rel}","templated":true}]}}